reatest common factor of 25071005 and 51?
17
Calculate the greatest common factor of 71042823 and 27.
9
What is the greatest common factor of 54 and 322773336?
54
What is the highest common factor of 1397680 and 520?
40
Calculate the greatest common divisor of 1920 and 877620096.
384
Calculate the highest common divisor of 1276842 and 7575.
303
Calculate the highest common factor of 164194251 and 78.
39
Calculate the greatest common divisor of 832 and 10226320.
208
What is the greatest common factor of 1444 and 56696494?
722
Calculate the greatest common factor of 752492 and 140244.
1508
Calculate the highest common factor of 121988324 and 5688.
316
What is the greatest common factor of 127040 and 110?
10
What is the greatest common factor of 396 and 42466996?
44
What is the greatest common factor of 9940090 and 750?
10
Calculate the greatest common divisor of 1069138 and 518.
14
Calculate the highest common factor of 198 and 44618442.
66
What is the greatest common factor of 1219196 and 5496?
916
Calculate the highest common factor of 2 and 41795316.
2
Calculate the highest common factor of 10040 and 4473824.
2008
What is the highest common divisor of 141048 and 581904?
216
Calculate the highest common factor of 91507500 and 480.
60
Calculate the highest common factor of 192458 and 73514.
826
What is the highest common divisor of 7396233 and 398?
199
Calculate the highest common factor of 64605 and 52923.
177
What is the highest common factor of 283581497 and 1399?
1399
Calculate the greatest common divisor of 403 and 31113553.
31
What is the highest common factor of 244489200 and 158?
158
What is the greatest common divisor of 4224 and 40652928?
384
What is the highest common divisor of 735387245 and 191?
191
What is the greatest common factor of 58257504 and 163?
163
Calculate the greatest common divisor of 26089780 and 5724.
212
What is the greatest common factor of 20644984 and 424?
424
What is the greatest common factor of 30825625 and 6364?
1591
Calculate the highest common divisor of 19769498 and 266.
14
What is the greatest common divisor of 58 and 498914492?
58
Calculate the greatest common factor of 10335060 and 260.
20
What is the highest common divisor of 3240823 and 84110?
647
What is the greatest common factor of 1139 and 508589?
17
What is the highest common factor of 427562 and 677475?
3011
Calculate the greatest common factor of 1887074409 and 561.
561
What is the greatest common factor of 572808 and 1624?
232
What is the greatest common divisor of 732 and 6744282?
366
Calculate the greatest common divisor of 514 and 20163963.
257
Calculate the highest common divisor of 5301008 and 2176.
272
Calculate the highest common divisor of 30072 and 15294476.
716
Calculate the highest common factor of 1790 and 345470.
1790
Calculate the greatest common factor of 5776124 and 13748.
1964
Calculate the highest common factor of 849133 and 91341.
3383
Calculate the highest common factor of 27621 and 429055407.
9207
Calculate the greatest common divisor of 49039817 and 6040.
151
Calculate the greatest common factor of 51669 and 2493.
9
Calculate the greatest common factor of 50 and 3285910.
10
What is the greatest common divisor of 72 and 3221832492?
36
What is the highest common factor of 284061330 and 1785?
1785
What is the greatest common divisor of 19934 and 486?
2
Calculate the greatest common factor of 91 and 2855424.
13
What is the greatest common divisor of 295001 and 53068288?
7973
Calculate the highest common divisor of 2505333 and 4632.
579
Calculate the greatest common factor of 348635 and 110.
5
Calculate the highest common factor of 56 and 830584.
8
Calculate the greatest common factor of 180694 and 894814.
1082
What is the greatest common divisor of 76420590 and 3384?
282
Calculate the highest common factor of 65942 and 50.
2
Calculate the greatest common factor of 45788 and 36.
4
Calculate the highest common divisor of 103265148 and 588.
588
Calculate the highest common divisor of 5714905 and 665.
35
What is the greatest common divisor of 116723 and 698677?
151
Calculate the highest common divisor of 695033 and 292.
73
What is the highest common factor of 960750623 and 3521?
3521
Calculate the highest common factor of 270957903 and 6.
3
Calculate the greatest common divisor of 48 and 1236148.
4
Calculate the highest common factor of 133 and 18237226.
133
Calculate the greatest common divisor of 148225 and 2490425.
1225
What is the greatest common divisor of 206 and 14051878?
206
Calculate the highest common divisor of 320235 and 282153.
1731
What is the highest common factor of 135836510 and 190?
190
Calculate the highest common factor of 16003 and 912444.
13
Calculate the highest common divisor of 36783 and 141152719.
4087
What is the highest common divisor of 22380000 and 14375?
625
What is the greatest common divisor of 45826 and 61072?
22
Calculate the highest common factor of 8455 and 1255.
5
What is the highest common divisor of 17888905 and 23735?
235
Calculate the greatest common factor of 3742816 and 31878.
154
Calculate the greatest common factor of 106542 and 3614536.
3946
Calculate the greatest common divisor of 301191183 and 72.
9
What is the highest common factor of 18025 and 1966440?
35
What is the highest common factor of 36547745 and 1625?
65
What is the highest common factor of 627 and 710201?
19
What is the greatest common factor of 124 and 272108?
4
What is the greatest common divisor of 545344 and 14912?
64
What is the greatest common divisor of 36090983 and 493?
17
Calculate the highest common divisor of 6311 and 128081745.
6311
What is the highest common factor of 1225 and 6295780925?
1225
Calculate the greatest common divisor of 202259952 and 18.
18
What is the greatest common factor of 175120 and 611974?
22
What is the greatest common divisor of 3960 and 102389040?
360
What is the highest common factor of 5813342 and 1978?
1978
Calculate the highest common factor of 5740363 and 7636.
1909
Calculate the highest common factor of 8812155 and 7755.
165
Calculate the highest common factor of 16 and 689761168.
16
Calculate the highest common divisor of 254185950 and 120.
30
What is the greatest common divisor of 4746890 and 740?
10
What is the highest common factor of 39580 and 3860?
20
What is the greatest common divisor of 44985861 and 345?
69
Calculate the greatest common divisor of 1011144581 and 17.
17
What is the highest common divisor of 2058 and 13544727?
1029
What is the greatest common factor of 7914490 and 108230?
1370
What is the greatest common divisor of 4377666 and 25854?
834
What is the highest common divisor of 3398 and 2475191548?
3398
What is the highest common divisor of 3187749 and 181839?
3711
What is the highest common factor of 1635 and 925528265?
545
What is the greatest common divisor of 2281851 and 26741?
143
Calculate the highest common factor of 24672 and 2656.
32
What is the greatest common factor of 333671 and 2314?
13
What is the highest common divisor of 32 and 131566324?
4
What is the highest common divisor of 10870 and 4242330?
10
Calculate the highest common factor of 166854014 and 459.
17
What is the greatest common factor of 1949765 and 55?
5
What is the highest common divisor of 384130 and 2337415?
535
What is the greatest common divisor of 55004 and 540?
4
What is the highest common divisor of 166 and 26954416?
166
What is the greatest common factor of 336498 and 59942?
34
Calculate the greatest common factor of 241311 and 13839.
21
What is the greatest common factor of 120 and 11276970?
30
What is the highest common divisor of 51 and 197087001?
51
What is the highest common divisor of 123 and 28958751?
123
Calculate the highest common divisor of 277822 and 2945.
31
Calculate the greatest common factor of 21054382 and 1255.
251
What is the greatest common factor of 68456895 and 75?
15
What is the greatest common factor of 552 and 6171728?
184
Calculate the greatest common factor of 1680 and 39472440.
840
Calculate the greatest common factor of 11416 and 299458804.
5708
What is the highest common factor of 360 and 171803340?
180
What is the greatest common divisor of 2277 and 745965?
99
Calculate the greatest common divisor of 10805238 and 822.
6
What is the grea